isor of 30 and 2816580.
30
What is the greatest common divisor of 26 and 1136642?
26
Calculate the greatest common divisor of 505846 and 22.
22
What is the highest common factor of 6 and 38202?
6
What is the greatest common factor of 412 and 16?
4
Calculate the greatest common divisor of 220 and 40931.
11
Calculate the greatest common divisor of 7 and 748699.
7
Calculate the highest common factor of 12 and 17826.
6
What is the highest common factor of 156 and 65117?
13
Calculate the highest common divisor of 38100 and 1027176.
1524
Calculate the greatest common factor of 39204 and 1012.
44
What is the greatest common factor of 198 and 4451238?
198
Calculate the greatest common divisor of 2064 and 903774.
258
Calculate the greatest common factor of 54 and 75.
3
What is the highest common factor of 260194 and 132?
22
What is the highest common divisor of 521825 and 50?
25
What is the greatest common factor of 16 and 897896?
8
What is the highest common divisor of 380 and 101220?
20
Calculate the greatest common factor of 15921 and 427.
61
Calculate the greatest common factor of 276 and 7086990.
138
What is the highest common divisor of 3590660 and 15?
5
What is the greatest common factor of 1440 and 895392?
288
What is the greatest common divisor of 410 and 7544?
82
What is the greatest common divisor of 1024 and 26768?
16
What is the greatest common factor of 13 and 1424?
1
What is the highest common divisor of 52008 and 1848?
264
Calculate the greatest common divisor of 38619 and 252.
63
Calculate the highest common factor of 1410060 and 60.
60
What is the greatest common divisor of 14035 and 2835?
35
Calculate the greatest common factor of 3757 and 13481.
221
What is the greatest common factor of 390 and 2082756?
78
Calculate the highest common divisor of 261405 and 185.
185
What is the greatest common divisor of 606759 and 246?
123
What is the greatest common factor of 116319 and 9135?
609
What is the greatest common factor of 7161 and 723044?
217
Calculate the greatest common factor of 1056 and 94336.
352
Calculate the greatest common factor of 16 and 32848.
16
Calculate the highest common divisor of 36148 and 32.
4
What is the greatest common divisor of 6321 and 21973?
301
Calculate the greatest common divisor of 27072 and 784.
16
What is the greatest common factor of 1758 and 30?
6
What is the greatest common factor of 25155 and 20597?
43
What is the highest common factor of 357 and 635103?
357
Calculate the highest common divisor of 78751 and 671.
61
What is the greatest common factor of 265120 and 160?
160
Calculate the greatest common factor of 1264 and 2046416.
1264
What is the greatest common divisor of 2751 and 1137997?
917
Calculate the highest common divisor of 146 and 85921.
73
What is the greatest common factor of 856 and 11944?
8
Calculate the greatest common factor of 318 and 9996807.
159
Calculate the highest common divisor of 80 and 1017392.
16
What is the highest common factor of 1731 and 28273?
577
What is the highest common factor of 782730 and 892?
446
What is the highest common factor of 66621 and 13356?
159
Calculate the highest common factor of 4613308 and 1036.
1036
What is the greatest common factor of 748412 and 28?
28
What is the highest common divisor of 5828 and 4324?
188
Calculate the greatest common factor of 3367 and 126503.
481
What is the greatest common factor of 3520058 and 177?
59
What is the highest common divisor of 1125828 and 396?
396
Calculate the highest common factor of 8712 and 265452.
132
What is the highest common divisor of 3572 and 76?
76
Calculate the greatest common divisor of 328500 and 1740.
60
Calculate the highest common divisor of 4094 and 11570.
178
What is the greatest common factor of 20886 and 9794?
118
Calculate the highest common divisor of 200 and 617560.
40
Calculate the highest common factor of 102 and 426207.
51
Calculate the highest common divisor of 135 and 34965.
135
Calculate the highest common factor of 2338 and 9198.
14
Calculate the greatest common factor of 102330 and 486.
54
What is the greatest common factor of 2598 and 7842063?
1299
What is the greatest common factor of 111946 and 251?
251
What is the greatest common divisor of 29952 and 22272?
768
What is the greatest common factor of 234 and 103519?
13
Calculate the greatest common divisor of 22987 and 724.
181
Calculate the highest common factor of 22 and 1675498.
22
Calculate the greatest common factor of 70 and 15701.
7
Calculate the greatest common divisor of 3012 and 1164.
12
What is the highest common divisor of 277 and 116617?
277
Calculate the highest common factor of 108368 and 52.
52
What is the greatest common divisor of 1295904 and 16?
16
Calculate the greatest common factor of 16194 and 186.
6
What is the greatest common divisor of 5270 and 255?
85
Calculate the greatest common factor of 2750 and 908875.
1375
Calculate the greatest common divisor of 4 and 11463.
1
What is the greatest common factor of 20793 and 377?
29
Calculate the highest common factor of 240 and 84224.
16
Calculate the highest common divisor of 2304 and 18176.
256
Calculate the highest common factor of 30 and 12432.
6
What is the greatest common divisor of 1080 and 1303920?
360
What is the greatest common divisor of 386562 and 66?
66
Calculate the highest common divisor of 2875 and 95.
5
Calculate the greatest common divisor of 4868412 and 6.
6
What is the greatest common factor of 165850 and 500?
50
What is the greatest common factor of 1750 and 112?
14
What is the greatest common factor of 19 and 138206?
19
What is the highest common divisor of 2521976 and 16?
8
Calculate the greatest common factor of 10000 and 912.
16
Calculate the greatest common divisor of 94 and 7344831.
47
Calculate the greatest common factor of 210 and 111090.
210
Calculate the greatest common factor of 3048 and 86487.
381
Calculate the greatest common divisor of 210000 and 336.
336
Calculate the greatest common divisor of 41706 and 567.
63
Calculate the greatest common divisor of 690928 and 341.
31
What is the greatest common factor of 11155 and 920?
115
Calculate the greatest common factor of 107667 and 399.
21
What is the greatest common factor of 22477 and 7049?
133
Calculate the greatest common factor of 1086735 and 45.
15
Calculate the highest common factor of 22016 and 70144.
512
What is the greatest common factor of 7040 and 3245?
55
Calculate the greatest common divisor of 2156 and 172.
4
What is the highest common divisor of 2370445 and 231?
77
What is the greatest common divisor of 39921 and 189?
21
Calculate the greatest common divisor of 791341 and 164.
41
What is the highest common factor of 14886 and 108?
18
Calculate the greatest common divisor of 40394 and 1007.
19
What is the greatest common divisor of 53756 and 5134?
302
Calculate the greatest common divisor of 4029 and 1479.
51
Calculate the greatest common divisor of 96 and 88512.
96
Calculate the highest common divisor of 101985 and 75.
15
What is the greatest common divisor of 558 and 409076?
62
What is the greatest common factor of 12427 and 165886?
289
What is the greatest common factor of 48 and 69114?
6
Calculate the highest common divisor of 30 and 105510.
30
What is the greatest common factor of 13175 and 1395?
155
What is the highest common factor of 308259 and 735?
147
Calculate the highest common factor of 20488 and 936.
104
What is the greatest common factor of 1958 and 11036?
178
Calculate the greatest common factor of 297 and 75807.
9
What is the greatest common divisor of 6448 and 129766?
806
What is the highest common divisor of 5656 and 1616?
808
Calculate the highest common divisor of 204 and 5416608.
204
What is the greatest common divisor of 5475 and 949?
73
What is the highest common factor of 5148 and 114348?
156
What is the greatest common divisor of 1197 and 46664?
19
Calculate the greatest common divisor of 5655 and 25085.
145
What is the greatest common factor of 3819 and 1311?
57
What is the highest common factor of 11277 and 324?
9
What is the highest common divisor of 294615 and 240?
15
What is the highest common factor of 534 and 3213879?
267
Calculate the highest common divisor of 2500 and 7860.
20
Calculate the highest common factor of 728 and 301.
